{"id":2,"date":"2014-10-08T10:44:50","date_gmt":"2014-10-08T10:44:50","guid":{"rendered":"http:\/\/powerlinecomputer.org\/streicherart\/?page_id=2"},"modified":"2023-05-16T11:35:42","modified_gmt":"2023-05-16T09:35:42","slug":"beispiel-seite","status":"publish","type":"page","link":"https:\/\/streicherart.de\/?page_id=2","title":{"rendered":"Vita"},"content":{"rendered":"\n<hr class=\"wp-block-separator has-css-opacity\"\/>\n\n\n<div class=\"wp-block-image\">\n<figure class=\"aligncenter size-large is-resized\"><img loading=\"lazy\" decoding=\"async\" src=\"https:\/\/streicherart.de\/wp-content\/uploads\/2021\/01\/Unbenannty.jpg\" alt=\"\" class=\"wp-image-2322\" width=\"412\" height=\"335\"\/><\/figure>\n<\/div>\n\n\n<hr class=\"wp-block-separator has-css-opacity\"\/>\n\n\n\n<h5 class=\"has-text-align-center wp-block-heading\">Zeichenkunst mit Leidenschaft<\/h5>\n\n\n\n<p class=\"has-text-align-center\">Kerstin Streicher,<br>aus Bad Soden Salm\u00fcnster.<\/p>\n\n\n\n<hr class=\"wp-block-separator has-css-opacity\"\/>\n\n\n\n<blockquote class=\"wp-block-quote is-layout-flow wp-block-quote-is-layout-flow\">\n<p><strong>\u201eIrgendwann werde ich auch Bilder auf Keilrahmen malen!\u201c<\/strong><\/p>\n<\/blockquote>\n\n\n\n<p>Schon vor ein paar Jahren wusste ich das, denn die Malerei begeisterte mich bereits im Kindergarten.<br>Auch in der Schule war Kunst mein absolutes Lieblingsfach.<br>Ich malte damals schon mit Leidenschaft.<\/p>\n\n\n\n<p>Nach der Schule r\u00fcckte der Beruf und die Familie in den Mittelpunkt, sodass die Malerei erst mal still stand.<\/p>\n\n\n\n<p>2006 entdeckte ich die Malerei damals f\u00fcr mich wieder neu!<\/p>\n\n\n\n<p>Meine Bilder, mit Acrylfarben gemalt, gehen haupts\u00e4chlich in die dekorative und in die abstrakte Richtung.<br>2010 fand ich mit dem Bleistift eine neue Herausforderung. Ich zeichne seitdem \u00fcberwiegend im realistischen Stil.<\/p>\n\n\n\n<hr class=\"wp-block-separator has-css-opacity\"\/>\n\n\n\n<ul class=\"wp-block-list\">\n<li>1972 geboren in Bad Soden Salm\u00fcnster.<\/li>\n\n\n\n<li>1990 abgeschlossene Ausbildung als Verk\u00e4uferin.<\/li>\n\n\n\n<li>Seit 1994 verheiratet, zwei erwachsene Kinder.<\/li>\n\n\n\n<li>2006 experimentelle Malerei auf Servietten-beklebten Keilrahmen.<\/li>\n\n\n\n<li>2010 Besuch eines 10 Std- Zeichenkurs f\u00fcr Anf\u00e4nger, an der Volkshochschule in Gem\u00fcnden\/Main. Unter Herr Hartwig Kolb.<\/li>\n\n\n\n<li>2015 Beginn von Kinderbuch-Illustrationen von insgesamt 3 Kinderb\u00fcchern, Schelly-Verlag.<\/li>\n\n\n\n<li>Seit 2016 Mitglied des Kunstkreises Bad Soden Salm\u00fcnster e.V.<\/li>\n\n\n\n<li>Seit 2016 diverse Kursbesuche, z.B. Aktzeichenkurs, bei Eva Leitschuh, Darmstadt.<\/li>\n\n\n\n<li>Seit 2009 regelm\u00e4\u00dfige Einzel- sowie auch Gruppenausstellungen, in Bad Soden Salm\u00fcnster, Bad Orb und Schl\u00fcchtern.<\/li>\n\n\n\n<li>Seit 2015 regelm\u00e4\u00dfige Gruppenausstellungen mit den Merneser K\u00fcnstler. Die Mernessage.<\/li>\n\n\n\n<li>2019 Dialog der Elemente, Bad Orb <\/li>\n\n\n\n<li>2019 Rahmenwerkstatt, Altenhasslau<\/li>\n\n\n\n<li>\u00dcbungsleiterin in Zeichenkursen<\/li>\n<\/ul>\n\n\n\n<p><strong>Kerstin Streicher<\/strong>&nbsp;&nbsp;&nbsp;&nbsp;&nbsp;&nbsp;&nbsp;&nbsp;&nbsp;&nbsp;&nbsp;&nbsp;&nbsp;&nbsp;&nbsp;&nbsp;&nbsp;&nbsp;&nbsp;&nbsp;&nbsp;&nbsp;&nbsp;&nbsp;&nbsp;&nbsp;&nbsp;&nbsp;&nbsp;&nbsp;&nbsp;&nbsp;&nbsp;&nbsp;&nbsp;&nbsp;&nbsp;&nbsp;&nbsp;&nbsp;&nbsp;&nbsp;&nbsp;&nbsp;&nbsp;&nbsp;&nbsp;&nbsp;&nbsp;&nbsp;&nbsp;&nbsp;&nbsp;&nbsp;&nbsp;&nbsp;&nbsp;&nbsp;&nbsp;&nbsp;&nbsp;&nbsp;&nbsp;&nbsp;&nbsp;&nbsp;&nbsp;&nbsp;&nbsp;&nbsp;&nbsp;&nbsp;&nbsp;&nbsp;&nbsp;&nbsp;&nbsp;&nbsp;<\/p>\n\n\n\n<hr class=\"wp-block-separator has-css-opacity\"\/>\n\n\n\n<blockquote class=\"wp-block-quote is-layout-flow wp-block-quote-is-layout-flow\">\n<p><em>Zeichnen ist die Kunst<\/em>, <em>Striche spazieren zu f\u00fchren<\/em><\/p>\n<cite>Paul Klee<\/cite><\/blockquote>\n\n\n<div class=\"wp-block-image\">\n<figure class=\"aligncenter size-large\"><img loading=\"lazy\" decoding=\"async\" src=\"https:\/\/streicherart.de\/wp-content\/uploads\/2020\/09\/IMG-20200805-WA0001-761x1024.jpg\" alt=\"\" class=\"wp-image-2063\" width=\"0\" height=\"0\" srcset=\"https:\/\/streicherart.de\/wp-content\/uploads\/2020\/09\/IMG-20200805-WA0001-761x1024.jpg 761w, https:\/\/streicherart.de\/wp-content\/uploads\/2020\/09\/IMG-20200805-WA0001-223x300.jpg 223w, https:\/\/streicherart.de\/wp-content\/uploads\/2020\/09\/IMG-20200805-WA0001-768x1033.jpg 768w, https:\/\/streicherart.de\/wp-content\/uploads\/2020\/09\/IMG-20200805-WA0001-370x498.jpg 370w, https:\/\/streicherart.de\/wp-content\/uploads\/2020\/09\/IMG-20200805-WA0001-1040x1399.jpg 1040w, https:\/\/streicherart.de\/wp-content\/uploads\/2020\/09\/IMG-20200805-WA0001.jpg 1080w\" sizes=\"auto, (max-width: 761px) 100vw, 761px\" \/><\/figure>\n<\/div>\n\n<div class=\"wp-block-image\">\n<figure class=\"aligncenter size-large is-resized\"><img loading=\"lazy\" decoding=\"async\" src=\"https:\/\/streicherart.de\/wp-content\/uploads\/2020\/09\/IMG-20200805-WA0001-761x1024.jpg\" alt=\"\" class=\"wp-image-2063\" width=\"257\" height=\"346\" srcset=\"https:\/\/streicherart.de\/wp-content\/uploads\/2020\/09\/IMG-20200805-WA0001-761x1024.jpg 761w, https:\/\/streicherart.de\/wp-content\/uploads\/2020\/09\/IMG-20200805-WA0001-223x300.jpg 223w, https:\/\/streicherart.de\/wp-content\/uploads\/2020\/09\/IMG-20200805-WA0001-768x1033.jpg 768w, https:\/\/streicherart.de\/wp-content\/uploads\/2020\/09\/IMG-20200805-WA0001-370x498.jpg 370w, https:\/\/streicherart.de\/wp-content\/uploads\/2020\/09\/IMG-20200805-WA0001-1040x1399.jpg 1040w, https:\/\/streicherart.de\/wp-content\/uploads\/2020\/09\/IMG-20200805-WA0001.jpg 1080w\" sizes=\"auto, (max-width: 257px) 100vw, 257px\" \/><\/figure>\n<\/div>\n\n\n<p><\/p>\n","protected":false},"excerpt":{"rendered":"<p>Zeichenkunst mit Leidenschaft Kerstin Streicher,aus Bad Soden Salm\u00fcnster. \u201eIrgendwann werde ich auch Bilder auf Keilrahmen malen!\u201c Schon vor ein paar Jahren wusste ich das, denn die Malerei begeisterte mich bereits im Kindergarten.Auch in der Schule war Kunst mein absolutes Lieblingsfach.Ich malte damals schon mit Leidenschaft. Nach der Schule r\u00fcckte der Beruf und die Familie in[&#8230;]<\/p>\n","protected":false},"author":1,"featured_media":20,"parent":0,"menu_order":0,"comment_status":"open","ping_status":"open","template":"","meta":{"footnotes":""},"class_list":["post-2","page","type-page","status-publish","has-post-thumbnail","hentry"],"_links":{"self":[{"href":"https:\/\/streicherart.de\/index.php?rest_route=\/wp\/v2\/pages\/2","targetHints":{"allow":["GET"]}}],"collection":[{"href":"https:\/\/streicherart.de\/index.php?rest_route=\/wp\/v2\/pages"}],"about":[{"href":"https:\/\/streicherart.de\/index.php?rest_route=\/wp\/v2\/types\/page"}],"author":[{"embeddable":true,"href":"https:\/\/streicherart.de\/index.php?rest_route=\/wp\/v2\/users\/1"}],"replies":[{"embeddable":true,"href":"https:\/\/streicherart.de\/index.php?rest_route=%2Fwp%2Fv2%2Fcomments&post=2"}],"version-history":[{"count":29,"href":"https:\/\/streicherart.de\/index.php?rest_route=\/wp\/v2\/pages\/2\/revisions"}],"predecessor-version":[{"id":2762,"href":"https:\/\/streicherart.de\/index.php?rest_route=\/wp\/v2\/pages\/2\/revisions\/2762"}],"wp:featuredmedia":[{"embeddable":true,"href":"https:\/\/streicherart.de\/index.php?rest_route=\/wp\/v2\/media\/20"}],"wp:attachment":[{"href":"https:\/\/streicherart.de\/index.php?rest_route=%2Fwp%2Fv2%2Fmedia&parent=2"}],"curies":[{"name":"wp","href":"https:\/\/api.w.org\/{rel}","templated":true}]}}

<hr class="wp-block-separator has-css-opacity"/>


<div class="wp-block-image">
<figure class="aligncenter size-large is-resized"><img loading="lazy" decoding="async" src="https://streicherart.de/wp-content/uploads/2021/01/Unbenannty.jpg" alt="" class="wp-image-2322" width="412" height="335"/></figure>
</div>


<hr class="wp-block-separator has-css-opacity"/>



<h5 class="has-text-align-center wp-block-heading">Zeichenkunst mit Leidenschaft</h5>



<p class="has-text-align-center">Kerstin Streicher,<br>aus Bad Soden Salmünster.</p>



<hr class="wp-block-separator has-css-opacity"/>



<blockquote class="wp-block-quote is-layout-flow wp-block-quote-is-layout-flow">
<p><strong>„Irgendwann werde ich auch Bilder auf Keilrahmen malen!“</strong></p>
</blockquote>



<p>Schon vor ein paar Jahren wusste ich das, denn die Malerei begeisterte mich bereits im Kindergarten.<br>Auch in der Schule war Kunst mein absolutes Lieblingsfach.<br>Ich malte damals schon mit Leidenschaft.</p>



<p>Nach der Schule rückte der Beruf und die Familie in den Mittelpunkt, sodass die Malerei erst mal still stand.</p>



<p>2006 entdeckte ich die Malerei damals für mich wieder neu!</p>



<p>Meine Bilder, mit Acrylfarben gemalt, gehen hauptsächlich in die dekorative und in die abstrakte Richtung.<br>2010 fand ich mit dem Bleistift eine neue Herausforderung. Ich zeichne seitdem überwiegend im realistischen Stil.</p>



<hr class="wp-block-separator has-css-opacity"/>



<ul class="wp-block-list">
<li>1972 geboren in Bad Soden Salmünster.</li>



<li>1990 abgeschlossene Ausbildung als Verkäuferin.</li>



<li>Seit 1994 verheiratet, zwei erwachsene Kinder.</li>



<li>2006 experimentelle Malerei auf Servietten-beklebten Keilrahmen.</li>



<li>2010 Besuch eines 10 Std- Zeichenkurs für Anfänger, an der Volkshochschule in Gemünden/Main. Unter Herr Hartwig Kolb.</li>



<li>2015 Beginn von Kinderbuch-Illustrationen von insgesamt 3 Kinderbüchern, Schelly-Verlag.</li>



<li>Seit 2016 Mitglied des Kunstkreises Bad Soden Salmünster e.V.</li>



<li>Seit 2016 diverse Kursbesuche, z.B. Aktzeichenkurs, bei Eva Leitschuh, Darmstadt.</li>



<li>Seit 2009 regelmäßige Einzel- sowie auch Gruppenausstellungen, in Bad Soden Salmünster, Bad Orb und Schlüchtern.</li>



<li>Seit 2015 regelmäßige Gruppenausstellungen mit den Merneser Künstler. Die Mernessage.</li>



<li>2019 Dialog der Elemente, Bad Orb </li>



<li>2019 Rahmenwerkstatt, Altenhasslau</li>



<li>Übungsleiterin in Zeichenkursen</li>
</ul>



<p><strong>Kerstin Streicher</strong>&nbsp;&nbsp;&nbsp;&nbsp;&nbsp;&nbsp;&nbsp;&nbsp;&nbsp;&nbsp;&nbsp;&nbsp;&nbsp;&nbsp;&nbsp;&nbsp;&nbsp;&nbsp;&nbsp;&nbsp;&nbsp;&nbsp;&nbsp;&nbsp;&nbsp;&nbsp;&nbsp;&nbsp;&nbsp;&nbsp;&nbsp;&nbsp;&nbsp;&nbsp;&nbsp;&nbsp;&nbsp;&nbsp;&nbsp;&nbsp;&nbsp;&nbsp;&nbsp;&nbsp;&nbsp;&nbsp;&nbsp;&nbsp;&nbsp;&nbsp;&nbsp;&nbsp;&nbsp;&nbsp;&nbsp;&nbsp;&nbsp;&nbsp;&nbsp;&nbsp;&nbsp;&nbsp;&nbsp;&nbsp;&nbsp;&nbsp;&nbsp;&nbsp;&nbsp;&nbsp;&nbsp;&nbsp;&nbsp;&nbsp;&nbsp;&nbsp;&nbsp;&nbsp;</p>



<hr class="wp-block-separator has-css-opacity"/>



<blockquote class="wp-block-quote is-layout-flow wp-block-quote-is-layout-flow">
<p><em>Zeichnen ist die Kunst</em>, <em>Striche spazieren zu führen</em></p>
<cite>Paul Klee</cite></blockquote>


<div class="wp-block-image">
<figure class="aligncenter size-large"><img loading="lazy" decoding="async" src="https://streicherart.de/wp-content/uploads/2020/09/IMG-20200805-WA0001-761x1024.jpg" alt="" class="wp-image-2063" width="0" height="0" srcset="https://streicherart.de/wp-content/uploads/2020/09/IMG-20200805-WA0001-761x1024.jpg 761w, https://streicherart.de/wp-content/uploads/2020/09/IMG-20200805-WA0001-223x300.jpg 223w, https://streicherart.de/wp-content/uploads/2020/09/IMG-20200805-WA0001-768x1033.jpg 768w, https://streicherart.de/wp-content/uploads/2020/09/IMG-20200805-WA0001-370x498.jpg 370w, https://streicherart.de/wp-content/uploads/2020/09/IMG-20200805-WA0001-1040x1399.jpg 1040w, https://streicherart.de/wp-content/uploads/2020/09/IMG-20200805-WA0001.jpg 1080w" sizes="auto, (max-width: 761px) 100vw, 761px" /></figure>
</div>

<div class="wp-block-image">
<figure class="aligncenter size-large is-resized"><img loading="lazy" decoding="async" src="https://streicherart.de/wp-content/uploads/2020/09/IMG-20200805-WA0001-761x1024.jpg" alt="" class="wp-image-2063" width="257" height="346" srcset="https://streicherart.de/wp-content/uploads/2020/09/IMG-20200805-WA0001-761x1024.jpg 761w, https://streicherart.de/wp-content/uploads/2020/09/IMG-20200805-WA0001-223x300.jpg 223w, https://streicherart.de/wp-content/uploads/2020/09/IMG-20200805-WA0001-768x1033.jpg 768w, https://streicherart.de/wp-content/uploads/2020/09/IMG-20200805-WA0001-370x498.jpg 370w, https://streicherart.de/wp-content/uploads/2020/09/IMG-20200805-WA0001-1040x1399.jpg 1040w, https://streicherart.de/wp-content/uploads/2020/09/IMG-20200805-WA0001.jpg 1080w" sizes="auto, (max-width: 257px) 100vw, 257px" /></figure>
</div>


<p></p>

<p>Zeichenkunst mit Leidenschaft Kerstin Streicher,aus Bad Soden Salmünster. „Irgendwann werde ich auch Bilder auf Keilrahmen malen!“ Schon vor ein paar Jahren wusste ich das, denn die Malerei begeisterte mich bereits im Kindergarten.Auch in der Schule war Kunst mein absolutes Lieblingsfach.Ich malte damals schon mit Leidenschaft. Nach der Schule rückte der Beruf und die Familie in[&#8230;]</p>
